f -a**4/12 + a**3/6 + a**2/2 + 4*a - 47. What is b(i)?
-1
Suppose 0 = 5*o - 2*b, 12 + 13 = -5*o - 3*b. Let i(z) = -6*z + 1. Let u(a) = 2*a. Let j(y) = -2*i(y) - 7*u(y). Calculate j(o).
2
Let v(o) = -2*o**2 + o + 2. Let q be (-4)/((-11)/((-165)/(-20))). Suppose t - 2*t = -q. Calculate v(t).
-13
Let l(s) = 10*s - 2*s**2 - s**3 - 4*s**2 - 3*s. Suppose -62*k + 41*k = -3*i - 25*k - 97, -k - 19 = 0. Give l(i).
0
Suppose 26*h = 30*h - 3*g - 13, -3*g = -h + 1. Let y(f) = -f**2 - 1. Suppose q - 3*q + 2 = 0. Let v(z) = -6*z + 1. Let t(x) = q*y(x) - v(x). Determine t(h).
6
Let k(p) be the third derivative of p**4/8 + 11*p**3/6 - 5*p**2 - 7. Let s(y) = -y**2 + 10*y + 19. Let o be s(12). Give k(o).
-4
Let m = 26 + -11. Suppose 3*g + m = 6*g. Suppose -l - 3 = -g. Let w(n) = 2*n**2 + 2*n. What is w(l)?
12
Let q(v) = -28*v**2 + 19*v**2 - 50 + 0*v**3 + 4*v - v**3. Let h be q(-10). Let j(w) = 2*w + 3. Determine j(h).
23
Let t be (-17)/(-2) + (-2)/(-4). Let n = 1387 - 1380. Let a be (2/(-4))/((t - n)/4). Let u(m) = -7*m**3 + 2*m + 1. Give u(a).
6
Let o(d) be the third derivative of -d**5/60 + 7*d**4/12 - 41*d**3/6 - 4*d**2 + 38. Determine o(6).
7
Let j(y) = 2*y**2 + 13*y + 3. Let b(o) = -4*o**2 - 31*o - 6. Let p(s) = -2*b(s) - 5*j(s). Let k be (-16)/(-10) - (-2)/5. Suppose 0*f - f = k. Give p(f).
-5
Let d = -197/15 + 263/20. Let f(z) be the third derivative of 0*z + 0 - d*z**5 + 4*z**2 + 1/24*z**4 + 0*z**3. Give f(2).
-2
Suppose -4*n - 646 = -5*g, 2*g + 7*n = 3*n + 236. Let f be ((-4)/9)/((-28)/g). Let p(l) = -3*l - 3*l**2 + 8*l**2 + 5*l - 2 - f + l**3. Determine p(-3).
8
Let u(z) = z**2 - z - 19. Suppose -4*s + b + 8 = -2*b, -s - 11 = -4*b. Let i be u(s). Let f(v) = 17*v**2 - 2*v + 1. Determine f(i).
16
Let k(j) = -j**3 - 9*j**2 + 11*j + 104. Let w be k(-9). Suppose -5*t + t = 4*p - 16, -5*t + w*p = 0. Let l(q) = -q**2 + q - 4. Calculate l(t).
-6
Let k(p) = -3*p - 1. Let m be k(2). Let q(a) be the third derivative of -a**5/60 - a**4/6 - a**3/3 - 67401*a**2. Calculate q(m).
-23
Let x(u) = 7*u**2 + 147*u + 5. Let r(t) = 6*t**2 + 387*t - 216. Let z be r(-65). Determine x(z).
5
Let u(s) = -234*s - 4191. Let l be u(-18). Let c(k) = -2*k**3 + 42*k**2 + k - 31. Give c(l).
-10
Let i = 4446 - 4446. Let p(n) be the second derivative of -1/6*n**3 + i + 0*n**2 + n. Determine p(7).
-7
Let h(u) = 157*u**3 - u**2 - 13 - 43*u**3 + u - 49*u**3 - 34*u**3 - 33*u**3. Give h(0).
-13
Let d be ((-10)/5 - 25)/(-1). Let h(a) = 1 - d + 8 - 2*a. Determine h(-8).
-2
Let a(t) = -t. Let u(i) = 28*i + 4. Let h(s) = -24*a(s) - u(s). Suppose -46*v - 10*v = 11*v + 335. Give h(v).
16
Suppose 4*h = 18*h - 294. Suppose h = -m + 5*z, 7*z - 12*z + 9 = m. Let n(p) = p**2 + 3*p - 4. Calculate n(m).
14
Let d(i) = 2*i + 10. Suppose -y - 5*v + 3*v = 6, -5*y - 4*v = 30. Let s(o) = -2*o - 11. Let h(z) = y*d(z) - 5*s(z). Suppose 4 = -5*b + 4*b. What is h(b)?
3
Suppose -8*v + 1318 = 1094. Let f(s) = 2*s**2 - 52*s - 40. Give f(v).
72
Let b(j) be the second derivative of j**4/12 + j**3/6 + j**2/2 - 3*j. Let a = -11 + 52. Suppose 4*h - a = -45. What is b(h)?
1
Suppose 1393*r = 1360*r - 330. Let n(q) be the third derivative of -q**5/60 - 5*q**4/12 - q**3/6 + 5*q**2. What is n(r)?
-1
Let v(j) = -2*j**2 - 61*j + 128. Let s = -4592 - -4594. What is v(s)?
-2
Let w = 770 - 773. Let x be 70/(-7) + 4 - w. Let q(b) = b**2 + b + 13. Let u(m) = m**2 + m + 7. Let c(f) = -3*q(f) + 5*u(f). Calculate c(x).
8
Suppose 0 = -30*l - 120 - 0. Suppose -4*p + h = p - 19, 5*p = 4*h + 31. Let n(o) = -5*o + 2*o**p - 4 - 5*o**2 + 0 - 3*o**3 + 0. What is n(l)?
0
Let b(g) be the first derivative of -g**2/2 + 37*g - 17. Let t(h) = -4*h + 308. Let f be t(77). Calculate b(f).
37
Let x(p) be the third derivative of -2*p**5/15 - p**4/24 + p**3/6 + 200*p**2 - 5*p. Calculate x(2).
-33
Let i(b) be the second derivative of b**5/20 - b**4/2 + 5*b**3/3 - 10*b**2 + 737*b + 1. Give i(6).
40
Let l(q) = -q**3 + 2*q**2 - 4*q + 2. Let j = -1620 + 1622. Determine l(j).
-6
Let o = 293 - 11. Let m = 277 - o. Let d(q) = 4*q - 7. What is d(m)?
-27
Let b = -4556 - -4553. Let a(w) = -w**3 - 4*w**2. Determine a(b).
-9
Let o(y) = -y - 4. Suppose 45*z - 35 = 38*z. Suppose 4*d = -c - 49 + 8, 5 = -z*c. Determine o(d).
6
Suppose -3*z = u + 20 + 14, -2*u + 3*z = 50. Let m be 48/21 - (-8)/u. Suppose -m*r + 0 = 2. Let b(q) = 8*q**2 - q - 1. Determine b(r).
8
Let l = -10 + 15. Let b(s) = 162*s**2 + 37*s + 41. Let y(n) = 38*n**2 + 9*n + 10. Let o(z) = -4*b(z) + 17*y(z). Calculate o(l).
-19
Suppose -1 = 17*h - 22*h - l, 4*h - 3 = -3*l. Suppose h = -9*z - 46 + 91. Let b(a) = -a**3 + 6*a**2 - 4*a - 2. What is b(z)?
3
Let b(y) = -y**3 + 6*y**2 - 7*y + 24. Suppose -3*n + 9 = 3*f, -f = 2*n + 291 - 292. Give b(f).
14
Let h = 5 - -1. Let n(y) = -y - 14. Let g(r) = 3*r + 74 + r + 0*r - 29. Let o(b) = -2*g(b) - 7*n(b). Calculate o(h).
2
Suppose 0 = 2*a - 3*b + 12, 3*a = 7*a - 4*b + 36. Let f(s) = -2*s**3 - 31*s**2 - 12*s + 20. What is f(a)?
-25
Let j(n) = 2*n**2 - n - 1. Let i(f) = -7*f**2 + 18*f + 21. Let a(g) = -i(g) - 4*j(g). Calculate a(-16).
-49
Let z be (-2)/(-3)*(-135)/(-30). Let h be (-20 - (-10)/5)*(-11)/z. Let b(k) = 30 - k - h + 44 - 2*k. Give b(6).
-10
Let w(n) = -n**2 - n - 2. Let f be w(-2). Let u(x) be the second derivative of -x**4/4 - 5*x**3/2 - 5*x**2 - 141347*x. Give u(f).
2
Suppose 3*l = 4 + 5. Let c(u) = -10*u**2 - 2*u + 1. Let b be c(-1). Let q = l + b. Let k(d) = -d**3 - 4*d**2 - 2*d - 1. Determine k(q).
7
Let y be -3 - -4*6/12. Let f(w) = 2*w**2. Let o(h) = 7*h**2 + 3*h - 4. Let n(v) = y*o(v) + 3*f(v). Suppose -5*j - 3 = -4*k, j = 2*k - 4*k - 9. Give n(k).
4
Let t(l) = 88*l + 258. Let b be (-3*4/18 - 8/(-3)) + -5. Calculate t(b).
-6
Let a(o) = -o**2 - 20*o - 60. Let n be a(-16). Let v(y) = 16*y + 0*y - n*y. What is v(2)?
24
Let d(m) be the first derivative of -m**2 + m + 1670. Calculate d(-9).
19
Suppose 20 = 5*b - 5. Let i(p) be the third derivative of -p**6/120 + p**5/12 - p**4/24 + 2*p**3/3 + 11*p**2 + 24*p + 3. Determine i(b).
-1
Let g(a) = 12 - 5 - 3*a**2 + 4*a**2 + 5*a + 2*a. Let t(m) = 4*m + 146. Suppose 2*z + 70 = 3*v, 0 = 3*z - 5*v + 2*v + 108. Let f be t(z). Determine g(f).
1
Let m = -54 - -48. Let y(a) = -2*a**3 - 11*a**2 + 6*a - 6. Let v be y(m). Let z(k) = k - 6. Calculate z(v).
-12
Let v(l) = 11*l**2 + 7*l + 8. Let r(f) = -24*f**2 - 15*f - 17. Let a be (-2 - (38/(-4) - -1))*-2. Let z(g) = a*v(g) - 6*r(g). What is z(2)?
0
Let z be 195/12 - 4 - 9/(-12). Let v be (-2)/(-12) + z/12*-2. Let m(x) = 2*x**3 - x**2 - 2 - 1 - 2*x**3 + x**3 - 2*x. Determine m(v).
-11
Let p be -4*(-4)/(-8) + 74. Suppose -73*i = -p*i - 4. Let w(b) = -12 + 11*b + i + 14*b**2 + 12*b**2 - 27*b**2. Give w(8).
16
Let c(q) = q**3 - 14*q**2 + 13*q + 44. Let m(o) = o**2 - o + 5. Let d(y) = c(y) - 10*m(y). What is d(23)?
-6
Suppose 19*g - 18*g = 122. Suppose -23*c + 421 = g. Let q(p) = p + 3. Give q(c).
16
Let v be (-7 + 8)*14/1. Suppose -2*m - 4*w = -12, -2*w - 4 = -v. Let x(r) = -7*r - 22. What is x(m)?
6
Let v be 9906/260 - (-2)/(-20). Let k(w) = v + 4*w**3 + w**3 - 7 - 29 - 3*w**3. What is k(-2)?
-14
Let m(x) be the third derivative of x**5/60 + 5*x**4/12 + 2*x**3 - 52*x**2 + 2. Let q = 4 - 13. Give m(q).
3
Let r(n) = -n**2 + 40*n + 8. Let y be r(40). Let m(h) = -2*h**2 + 21*h + 29. Let t(z) = z**2 - 11*z - 15. Let l(d) = -4*m(d) - 7*t(d). Determine l(y).
-3
Let w(q) = -2*q**2 + 30*q - 1. Let u(v) = -v**2 + 10*v - 1. Let y(r) = -3*u(r) + w(r). Calculate y(6).
38
Let j(n) = 1 + 3*n + 2*n**2 - n - n**3 - 5*n**2. Let k be -1350*1/(-10)*4. Let p = -543 + k. What is j(p)?
-5
Suppose -7*c + 6*c + 4 = 0. Suppose 2*h - 2*j = 72, -3*h + 6*h + c*j = 129. Let t = h + -44. Let x(p) = p**2 + 5*p. Calculate x(t).
0
Let f(d) = -2*d - 20. Suppose 61*z + 67*z = -42*z - 3400. Calculate f(z).
20
Let g(w) = w - 5. Let t be ((-2)/(-4))/(-1 + 9/8). Suppose 0 = -t*h - 0*y + 2*y + 318, -4*y - 97 = -h. Let l = 70 - h. Determine g(l).
-12
Suppose -27*y + 102*y - 4 = 221. Let t(o) = -o**3 + 2*o**2 + o + 4. Give t(y).
-2
Let x be (4686/568)/(2/4)*4/(-6). Let o(g) = -g**3 - 9*g**2 + 25*g - 2. Give o(x).
-35
Suppose 0 = -14*d + 4*d + 1000. Let y = -96 + d. Let r(v) be the first derivative of -v**2/2 - 4*v - 5. Give r(y).
-8
Suppose 12379*w - 12372*w = 0. Let m(k) = k + 8. Calculate m(w).
8
Let s(i) be the